{"id":21,"date":"2018-02-08T15:36:33","date_gmt":"2018-02-08T14:36:33","guid":{"rendered":"https:\/\/www.kuehner-it.de\/?page_id=21"},"modified":"2018-02-08T15:36:33","modified_gmt":"2018-02-08T14:36:33","slug":"dr-kuehner-gmbh","status":"publish","type":"page","link":"https:\/\/www.kuehner-it.de\/index.php\/dr-kuehner-gmbh\/","title":{"rendered":"Dr. K\u00fchner GmbH"},"content":{"rendered":"<p>Die Dr. K\u00fchner GmbH ist seit dem Jahr 2000 im Bereich Umweltakustik t\u00e4tig.<\/p>\n","protected":false},"excerpt":{"rendered":"<p>Die Dr. K\u00fchner GmbH ist seit dem Jahr 2000 im Bereich Umweltakustik t\u00e4tig.<\/p>\n","protected":false},"author":1,"featured_media":0,"parent":0,"menu_order":0,"comment_status":"closed","ping_status":"closed","template":"","meta":{"footnotes":""},"class_list":["post-21","page","type-page","status-publish","hentry"],"_links":{"self":[{"href":"https:\/\/www.kuehner-it.de\/index.php\/wp-json\/wp\/v2\/pages\/21","targetHints":{"allow":["GET"]}}],"collection":[{"href":"https:\/\/www.kuehner-it.de\/index.php\/wp-json\/wp\/v2\/pages"}],"about":[{"href":"https:\/\/www.kuehner-it.de\/index.php\/wp-json\/wp\/v2\/types\/page"}],"author":[{"embeddable":true,"href":"https:\/\/www.kuehner-it.de\/index.php\/wp-json\/wp\/v2\/users\/1"}],"replies":[{"embeddable":true,"href":"https:\/\/www.kuehner-it.de\/index.php\/wp-json\/wp\/v2\/comments?post=21"}],"version-history":[{"count":1,"href":"https:\/\/www.kuehner-it.de\/index.php\/wp-json\/wp\/v2\/pages\/21\/revisions"}],"predecessor-version":[{"id":22,"href":"https:\/\/www.kuehner-it.de\/index.php\/wp-json\/wp\/v2\/pages\/21\/revisions\/22"}],"wp:attachment":[{"href":"https:\/\/www.kuehner-it.de\/index.php\/wp-json\/wp\/v2\/media?parent=21"}],"curies":[{"name":"wp","href":"https:\/\/api.w.org\/{rel}","templated":true}]}}